{"id":13,"date":"2020-02-05T23:00:48","date_gmt":"2020-02-05T22:00:48","guid":{"rendered":"https:\/\/m-s-akademie.de\/wordpress\/?page_id=13"},"modified":"2022-04-13T17:50:05","modified_gmt":"2022-04-13T15:50:05","slug":"impressum","status":"publish","type":"page","link":"https:\/\/m-s-akademie.de\/wordpress\/impressum\/","title":{"rendered":"Impressum"},"content":{"rendered":"\t\t<div data-elementor-type=\"wp-page\" data-elementor-id=\"13\" class=\"elementor elementor-13\">\n\t\t\t\t\t\t<section class=\"elementor-section elementor-top-section elementor-element elementor-element-3bdc7f2b elementor-section-boxed elementor-section-height-default elementor-section-height-default\" data-id=\"3bdc7f2b\" data-element_type=\"section\" data-e-type=\"section\">\n\t\t\t\t\t\t<div class=\"elementor-container elementor-column-gap-default\">\n\t\t\t\t\t<div class=\"elementor-column elementor-col-100 elementor-top-column elementor-element elementor-element-5e37fb3d\" data-id=\"5e37fb3d\" data-element_type=\"column\" data-e-type=\"column\">\n\t\t\t<div class=\"elementor-widget-wrap elementor-element-populated\">\n\t\t\t\t\t\t<section class=\"elementor-section elementor-inner-section elementor-element elementor-element-5c8c5718 elementor-section-boxed elementor-section-height-default elementor-section-height-default\" data-id=\"5c8c5718\" data-element_type=\"section\" data-e-type=\"section\">\n\t\t\t\t\t\t<div class=\"elementor-container elementor-column-gap-default\">\n\t\t\t\t\t<div class=\"elementor-column elementor-col-25 elementor-inner-column elementor-element elementor-element-2e07ef89\" data-id=\"2e07ef89\" data-element_type=\"column\" data-e-type=\"column\">\n\t\t\t<div class=\"elementor-widget-wrap elementor-element-populated\">\n\t\t\t\t\t\t<div class=\"elementor-element elementor-element-61d2aedd elementor-widget elementor-widget-image\" data-id=\"61d2aedd\" data-element_type=\"widget\" data-e-type=\"widget\" data-widget_type=\"image.default\">\n\t\t\t\t<div class=\"elementor-widget-container\">\n\t\t\t\t\t\t\t\t\t\t\t\t\t\t\t<img fetchpriority=\"high\" decoding=\"async\" width=\"1024\" height=\"191\" src=\"https:\/\/m-s-akademie.de\/wordpress\/wp-content\/uploads\/2020\/02\/E857FF86-D8E5-47A2-ADA4-EC2AE3AA82A8-1024x191.png\" class=\"attachment-large size-large wp-image-15\" alt=\"\" srcset=\"https:\/\/m-s-akademie.de\/wordpress\/wp-content\/uploads\/2020\/02\/E857FF86-D8E5-47A2-ADA4-EC2AE3AA82A8-1024x191.png 1024w, https:\/\/m-s-akademie.de\/wordpress\/wp-content\/uploads\/2020\/02\/E857FF86-D8E5-47A2-ADA4-EC2AE3AA82A8-300x56.png 300w, https:\/\/m-s-akademie.de\/wordpress\/wp-content\/uploads\/2020\/02\/E857FF86-D8E5-47A2-ADA4-EC2AE3AA82A8-768x144.png 768w, https:\/\/m-s-akademie.de\/wordpress\/wp-content\/uploads\/2020\/02\/E857FF86-D8E5-47A2-ADA4-EC2AE3AA82A8-1536x287.png 1536w, https:\/\/m-s-akademie.de\/wordpress\/wp-content\/uploads\/2020\/02\/E857FF86-D8E5-47A2-ADA4-EC2AE3AA82A8.png 1600w\" sizes=\"(max-width: 1024px) 100vw, 1024px\" \/>\t\t\t\t\t\t\t\t\t\t\t\t\t\t\t<\/div>\n\t\t\t\t<\/div>\n\t\t\t\t\t<\/div>\n\t\t<\/div>\n\t\t\t\t<div class=\"elementor-column elementor-col-25 elementor-inner-column elementor-element elementor-element-18689df8 elementor-hidden-phone\" data-id=\"18689df8\" data-element_type=\"column\" data-e-type=\"column\">\n\t\t\t<div class=\"elementor-widget-wrap\">\n\t\t\t\t\t\t\t<\/div>\n\t\t<\/div>\n\t\t\t\t<div class=\"elementor-column elementor-col-25 elementor-inner-column elementor-element elementor-element-547df6e6 elementor-hidden-phone\" data-id=\"547df6e6\" data-element_type=\"column\" data-e-type=\"column\">\n\t\t\t<div class=\"elementor-widget-wrap\">\n\t\t\t\t\t\t\t<\/div>\n\t\t<\/div>\n\t\t\t\t<div class=\"elementor-column elementor-col-25 elementor-inner-column elementor-element elementor-element-7edc6167 elementor-hidden-phone\" data-id=\"7edc6167\" data-element_type=\"column\" data-e-type=\"column\">\n\t\t\t<div class=\"elementor-widget-wrap\">\n\t\t\t\t\t\t\t<\/div>\n\t\t<\/div>\n\t\t\t\t\t<\/div>\n\t\t<\/section>\n\t\t\t\t<section class=\"elementor-section elementor-inner-section elementor-element elementor-element-2bdfad66 elementor-section-boxed elementor-section-height-default elementor-section-height-default\" data-id=\"2bdfad66\" data-element_type=\"section\" data-e-type=\"section\">\n\t\t\t\t\t\t<div class=\"elementor-container elementor-column-gap-default\">\n\t\t\t\t\t<div class=\"elementor-column elementor-col-100 elementor-inner-column elementor-element elementor-element-54d69806\" data-id=\"54d69806\" data-element_type=\"column\" data-e-type=\"column\">\n\t\t\t<div class=\"elementor-widget-wrap elementor-element-populated\">\n\t\t\t\t\t\t<div class=\"elementor-element elementor-element-7fcd3ea4 elementor-widget elementor-widget-text-editor\" data-id=\"7fcd3ea4\" data-element_type=\"widget\" data-e-type=\"widget\" data-widget_type=\"text-editor.default\">\n\t\t\t\t<div class=\"elementor-widget-container\">\n\t\t\t\t\t\t\t\t\t<div data-at=\"headline\"><div><h1><b>IMPRESSUM<\/b><\/h1><\/div><\/div><div data-at=\"paragraph\"><div><p>ANGABEN GEM\u00c4SS \u00a7 5 TMG<\/p><p>Michael Steinbauer Akademie GmbH<\/p><p style=\"font-variant-ligatures: normal; font-variant-caps: normal; font-family: Abel, sans-serif; font-size: 18px; font-style: normal; font-weight: 400;\">Theodor-Heuss-Stra\u00dfe 14<\/p><p style=\"font-variant-ligatures: normal; font-variant-caps: normal; font-family: Abel, sans-serif; font-size: 18px; font-style: normal; font-weight: 400;\">\u00a0<\/p><p style=\"box-sizing: border-box; margin: 0px 0px 20px; padding: 0px; border: 0px; outline: 0px; font-variant-ligatures: normal; font-variant-caps: normal; font-variant-numeric: inherit; font-variant-east-asian: inherit; font-stretch: inherit; line-height: inherit; vertical-align: baseline; font-family: Abel, sans-serif; font-size: 18px; font-style: normal; font-weight: 400; color: #000000; letter-spacing: normal; orphans: 2; text-align: left; text-indent: 0px; text-transform: none; white-space: normal; widows: 2; word-spacing: 0px; -webkit-text-stroke-width: 0px; background-color: #ffffff; text-decoration-thickness: initial; text-decoration-style: initial; text-decoration-color: initial;\">90522 Oberasbach<\/p><p>\u00a0<\/p><p>VERTRETEN DURCH:<\/p><p>Gesch\u00e4ftsf\u00fchrung: Michael Steinbauer<\/p><p>\u00a0<\/p><p>KONTAKT:<\/p><p>E-Mail: kontakt@m-s-akademie.de<\/p><p>Tel.: +49 911 6695 0475<\/p><p>\u00a0<\/p><p>REGISTEREINTRAG:<\/p><p>Eintragung ins Handelsregister.<\/p><p>Registergericht: F\u00fcrth<\/p><p>Registernummer: HRB 19333<\/p><p>\u00a0<\/p><p>UMSATZSTEUER-ID:<\/p><p>Umsatzsteuer-Identifikationsnummer gem\u00e4\u00df \u00a727a UStG: DE 255 092 439<\/p><p>\u00a0<\/p><p>VERANTWORTLICH F\u00dcR DEN INHALT NACH \u00a7 55 ABS. 2 RSTV:<\/p><p>Michael Steinbauer<\/p><p class=\"x_48aa50a2 x_ef245e2e\" style=\"font-variant-ligatures: normal; font-variant-caps: normal; font-family: Abel, sans-serif; font-size: 18px; font-style: normal; font-weight: 400;\">Theodor-Heuss-Stra\u00dfe 14<\/p><p class=\"x_48aa50a2 x_ef245e2e\" style=\"font-variant-ligatures: normal; font-variant-caps: normal; font-family: Abel, sans-serif; font-size: 18px; font-style: normal; font-weight: 400;\">\u00a0<\/p><p class=\"x_48aa50a2 x_ef245e2e\" style=\"box-sizing: border-box; margin: 0px 0px 20px; padding: 0px; border: 0px; outline: 0px; font-variant-ligatures: normal; font-variant-caps: normal; font-variant-numeric: inherit; font-variant-east-asian: inherit; font-stretch: inherit; line-height: inherit; vertical-align: baseline; font-family: Abel, sans-serif; font-size: 18px; font-style: normal; font-weight: 400; color: #000000; letter-spacing: normal; orphans: 2; text-align: left; text-indent: 0px; text-transform: none; white-space: normal; widows: 2; word-spacing: 0px; -webkit-text-stroke-width: 0px; background-color: #ffffff; text-decoration-thickness: initial; text-decoration-style: initial; text-decoration-color: initial;\">90522 Oberasbach<\/p><p>\u00a0<\/p><p>Haftung f\u00fcr Inhalte<\/p><p>Die Inhalte meiner Seite wurden mit gr\u00f6\u00dfter Sorgfalt erstellt. F\u00fcr die Richtigkeit, Vollst\u00e4ndigkeit und Aktualit\u00e4t der Inhalte kann ich jedoch keine Gew\u00e4hr \u00fcbernehmen. Als Dienstanbieter bin ich gem\u00e4\u00df \u00a7 7 Abs.1 TMG f\u00fcr eigene Inhalte auf diesen Seiten nach den allgemeinen Gesetzen verantwortlich. Nach \u00a7\u00a7 8 bis 10 TMG bin ich als Dienstanbieter jedoch nicht verpflichtet, \u00fcbermittelte oder gespeicherte fremde Informationen zu \u00fcberwachen oder nach Umst\u00e4nden zu forschen, die auf eine rechtswidrige T\u00e4tigkeit hinweisen. Verpflichtungen zur Entfernung oder Sperrung der Nutzung von Informationen nach den allgemeinen Gesetzen bleiben hiervon unber\u00fchrt. Eine diesbez\u00fcgliche Haftung ist jedoch erst ab dem Zeitpunkt der Kenntnis einer konkreten Rechtsverletzung m\u00f6glich. Bei Bekanntwerden von entsprechenden Rechtsverletzungen werden wir diese Inhalte umgehend entfernen.<\/p><p>Haftung f\u00fcr Links<\/p><p>Mein Angebot enth\u00e4lt Links zu externen Webseiten Dritter, auf deren Inhalte ich keinen Einfluss habe. Deshalb kann ich f\u00fcr diese fremden Inhalte auch keine Gew\u00e4hr \u00fcbernehmen. F\u00fcr die Inhalte der verlinkten Seiten ist stets der jeweilige Anbieter oder Betreiber der Seiten verantwortlich. Die verlinkten Seiten wurden zum Zeitpunkt der Verlinkung auf m\u00f6gliche Rechtsverst\u00f6\u00dfe \u00fcberpr\u00fcft. Rechtswidrige Inhalte waren zum Zeitpunkt der Verlinkung nicht erkennbar. Eine permanente inhaltliche Kontrolle der verlinkten Seiten ist jedoch ohne konkrete Anhaltspunkte einer Rechtsverletzung nicht zumutbar. Bei Bekanntwerden von Rechtsverletzungen werde ich derartige Links umgehend entfernen.<\/p><p>Urheberrecht<\/p><p>Die durch die Seitenbetreiber erstellten bzw. verwendeten Inhalte und Werke auf diesen Seiten unterliegen dem deutschen Urheberrecht. Die Vervielf\u00e4ltigung, Bearbeitung, Verbreitung und jede Art der Verwertung au\u00dferhalb der Grenzen des Urheberrechtes bed\u00fcrfen der Zustimmung des jeweiligen Autors bzw. Erstellers. Downloads und Kopien dieser Seite sind nur f\u00fcr den privaten, nicht kommerziellen Gebrauch gestattet. Soweit die Inhalte auf dieser Seite nicht vom Betreiber erstellt wurden, werden die Urheberrechte Dritter beachtet. Insbesondere werden Inhalte Dritter als solche gekennzeichnet. Sollten Sie trotzdem auf eine Urheberrechtsverletzung aufmerksam werden, bitten wir um einen entsprechenden Hinweis. Bei Bekanntwerden von Rechtsverletzungen werden wir derartige Inhalte umgehend entfernen.<\/p><p>Quelle: https:\/\/www.e-recht24.de<\/p><\/div><\/div>\t\t\t\t\t\t\t\t<\/div>\n\t\t\t\t<\/div>\n\t\t\t\t\t<\/div>\n\t\t<\/div>\n\t\t\t\t\t<\/div>\n\t\t<\/section>\n\t\t\t\t\t<\/div>\n\t\t<\/div>\n\t\t\t\t\t<\/div>\n\t\t<\/section>\n\t\t\t\t<section class=\"elementor-section elementor-top-section elementor-element elementor-element-2b34e35c elementor-section-boxed elementor-section-height-default elementor-section-height-default\" data-id=\"2b34e35c\" data-element_type=\"section\" data-e-type=\"section\" data-settings=\"{&quot;background_background&quot;:&quot;classic&quot;,&quot;shape_divider_top&quot;:&quot;tilt&quot;}\">\n\t\t\t\t\t<div class=\"elementor-shape elementor-shape-top\" aria-hidden=\"true\" data-negative=\"false\">\n\t\t\t<svg xmlns=\"http:\/\/www.w3.org\/2000\/svg\" viewBox=\"0 0 1000 100\" preserveAspectRatio=\"none\">\n\t<path class=\"elementor-shape-fill\" d=\"M0,6V0h1000v100L0,6z\"\/>\n<\/svg>\t\t<\/div>\n\t\t\t\t\t<div class=\"elementor-container elementor-column-gap-default\">\n\t\t\t\t\t<div class=\"elementor-column elementor-col-100 elementor-top-column elementor-element elementor-element-31b0545c\" data-id=\"31b0545c\" data-element_type=\"column\" data-e-type=\"column\">\n\t\t\t<div class=\"elementor-widget-wrap elementor-element-populated\">\n\t\t\t\t\t\t<div class=\"elementor-element elementor-element-422ac951 elementor-align-center elementor-widget elementor-widget-button\" data-id=\"422ac951\" data-element_type=\"widget\" data-e-type=\"widget\" data-widget_type=\"button.default\">\n\t\t\t\t<div class=\"elementor-widget-container\">\n\t\t\t\t\t\t\t\t\t<div class=\"elementor-button-wrapper\">\n\t\t\t\t\t<a class=\"elementor-button elementor-button-link elementor-size-sm\" href=\"https:\/\/m-s-akademie.de\/wordpress\/\">\n\t\t\t\t\t\t<span class=\"elementor-button-content-wrapper\">\n\t\t\t\t\t\t\t\t\t<span class=\"elementor-button-text\">zur\u00fcck zur Startseite<\/span>\n\t\t\t\t\t<\/span>\n\t\t\t\t\t<\/a>\n\t\t\t\t<\/div>\n\t\t\t\t\t\t\t\t<\/div>\n\t\t\t\t<\/div>\n\t\t\t\t<div class=\"elementor-element elementor-element-5e315db9 elementor-align-center elementor-widget elementor-widget-button\" data-id=\"5e315db9\" data-element_type=\"widget\" data-e-type=\"widget\" data-widget_type=\"button.default\">\n\t\t\t\t<div class=\"elementor-widget-container\">\n\t\t\t\t\t\t\t\t\t<div class=\"elementor-button-wrapper\">\n\t\t\t\t\t<a class=\"elementor-button elementor-button-link elementor-size-sm\" href=\"https:\/\/m-s-akademie.de\/wordpress\/datenschutz\/\">\n\t\t\t\t\t\t<span class=\"elementor-button-content-wrapper\">\n\t\t\t\t\t\t\t\t\t<span class=\"elementor-button-text\">DATENSCHUTZ<\/span>\n\t\t\t\t\t<\/span>\n\t\t\t\t\t<\/a>\n\t\t\t\t<\/div>\n\t\t\t\t\t\t\t\t<\/div>\n\t\t\t\t<\/div>\n\t\t\t\t\t<\/div>\n\t\t<\/div>\n\t\t\t\t\t<\/div>\n\t\t<\/section>\n\t\t\t\t<\/div>\n\t\t","protected":false},"excerpt":{"rendered":"<p>IMPRESSUM ANGABEN GEM\u00c4SS \u00a7 5 TMG Michael Steinbauer Akademie GmbH Theodor-Heuss-Stra\u00dfe 14 \u00a0 90522 Oberasbach \u00a0 VERTRETEN DURCH: Gesch\u00e4ftsf\u00fchrung: Michael Steinbauer \u00a0 KONTAKT: E-Mail: kontakt@m-s-akademie.de Tel.: +49 911 6695 0475 \u00a0 REGISTEREINTRAG: Eintragung ins Handelsregister. Registergericht: F\u00fcrth Registernummer: HRB 19333 \u00a0 UMSATZSTEUER-ID: Umsatzsteuer-Identifikationsnummer gem\u00e4\u00df \u00a727a UStG: DE 255 092 439 \u00a0 VERANTWORTLICH F\u00dcR DEN INHALT [&hellip;]<\/p>\n","protected":false},"author":1,"featured_media":0,"parent":0,"menu_order":0,"comment_status":"closed","ping_status":"closed","template":"elementor_canvas","meta":{"ocean_post_layout":"","ocean_both_sidebars_style":"","ocean_both_sidebars_content_width":0,"ocean_both_sidebars_sidebars_width":0,"ocean_sidebar":"0","ocean_second_sidebar":"0","ocean_disable_margins":"enable","ocean_add_body_class":"","ocean_shortcode_before_top_bar":"","ocean_shortcode_after_top_bar":"","ocean_shortcode_before_header":"","ocean_shortcode_after_header":"","ocean_has_shortcode":"","ocean_shortcode_after_title":"","ocean_shortcode_before_footer_widgets":"","ocean_shortcode_after_footer_widgets":"","ocean_shortcode_before_footer_bottom":"","ocean_shortcode_after_footer_bottom":"","ocean_display_top_bar":"default","ocean_display_header":"default","ocean_header_style":"","ocean_center_header_left_menu":"0","ocean_custom_header_template":"0","ocean_custom_logo":0,"ocean_custom_retina_logo":0,"ocean_custom_logo_max_width":0,"ocean_custom_logo_tablet_max_width":0,"ocean_custom_logo_mobile_max_width":0,"ocean_custom_logo_max_height":0,"ocean_custom_logo_tablet_max_height":0,"ocean_custom_logo_mobile_max_height":0,"ocean_header_custom_menu":"0","ocean_menu_typo_font_family":"0","ocean_menu_typo_font_subset":"","ocean_menu_typo_font_size":0,"ocean_menu_typo_font_size_tablet":0,"ocean_menu_typo_font_size_mobile":0,"ocean_menu_typo_font_size_unit":"px","ocean_menu_typo_font_weight":"","ocean_menu_typo_font_weight_tablet":"","ocean_menu_typo_font_weight_mobile":"","ocean_menu_typo_transform":"","ocean_menu_typo_transform_tablet":"","ocean_menu_typo_transform_mobile":"","ocean_menu_typo_line_height":0,"ocean_menu_typo_line_height_tablet":0,"ocean_menu_typo_line_height_mobile":0,"ocean_menu_typo_line_height_unit":"","ocean_menu_typo_spacing":0,"ocean_menu_typo_spacing_tablet":0,"ocean_menu_typo_spacing_mobile":0,"ocean_menu_typo_spacing_unit":"","ocean_menu_link_color":"","ocean_menu_link_color_hover":"","ocean_menu_link_color_active":"","ocean_menu_link_background":"","ocean_menu_link_hover_background":"","ocean_menu_link_active_background":"","ocean_menu_social_links_bg":"","ocean_menu_social_hover_links_bg":"","ocean_menu_social_links_color":"","ocean_menu_social_hover_links_color":"","ocean_disable_title":"default","ocean_disable_heading":"default","ocean_post_title":"","ocean_post_subheading":"","ocean_post_title_style":"","ocean_post_title_background_color":"","ocean_post_title_background":0,"ocean_post_title_bg_image_position":"","ocean_post_title_bg_image_attachment":"","ocean_post_title_bg_image_repeat":"","ocean_post_title_bg_image_size":"","ocean_post_title_height":0,"ocean_post_title_bg_overlay":0.5,"ocean_post_title_bg_overlay_color":"","ocean_disable_breadcrumbs":"default","ocean_breadcrumbs_color":"","ocean_breadcrumbs_separator_color":"","ocean_breadcrumbs_links_color":"","ocean_breadcrumbs_links_hover_color":"","ocean_display_footer_widgets":"default","ocean_display_footer_bottom":"default","ocean_custom_footer_template":"0","footnotes":""},"class_list":["post-13","page","type-page","status-publish","hentry","entry"],"yoast_head":"<!-- This site is optimized with the Yoast SEO plugin v27.5 - https:\/\/yoast.com\/product\/yoast-seo-wordpress\/ -->\n<title>Impressum - m-s-akademie.de<\/title>\n<meta name=\"robots\" content=\"index, follow, max-snippet:-1, max-image-preview:large, max-video-preview:-1\" \/>\n<link rel=\"canonical\" href=\"https:\/\/m-s-akademie.de\/wordpress\/impressum\/\" \/>\n<meta property=\"og:locale\" content=\"de_DE\" \/>\n<meta property=\"og:type\" content=\"article\" \/>\n<meta property=\"og:title\" content=\"Impressum - m-s-akademie.de\" \/>\n<meta property=\"og:description\" content=\"IMPRESSUM ANGABEN GEM\u00c4SS \u00a7 5 TMG Michael Steinbauer Akademie GmbH Theodor-Heuss-Stra\u00dfe 14 \u00a0 90522 Oberasbach \u00a0 VERTRETEN DURCH: Gesch\u00e4ftsf\u00fchrung: Michael Steinbauer \u00a0 KONTAKT: E-Mail: kontakt@m-s-akademie.de Tel.: +49 911 6695 0475 \u00a0 REGISTEREINTRAG: Eintragung ins Handelsregister. Registergericht: F\u00fcrth Registernummer: HRB 19333 \u00a0 UMSATZSTEUER-ID: Umsatzsteuer-Identifikationsnummer gem\u00e4\u00df \u00a727a UStG: DE 255 092 439 \u00a0 VERANTWORTLICH F\u00dcR DEN INHALT [&hellip;]\" \/>\n<meta property=\"og:url\" content=\"https:\/\/m-s-akademie.de\/wordpress\/impressum\/\" \/>\n<meta property=\"og:site_name\" content=\"m-s-akademie.de\" \/>\n<meta property=\"article:modified_time\" content=\"2022-04-13T15:50:05+00:00\" \/>\n<meta property=\"og:image\" content=\"https:\/\/m-s-akademie.de\/wordpress\/wp-content\/uploads\/2020\/02\/E857FF86-D8E5-47A2-ADA4-EC2AE3AA82A8.png\" \/>\n\t<meta property=\"og:image:width\" content=\"1600\" \/>\n\t<meta property=\"og:image:height\" content=\"299\" \/>\n\t<meta property=\"og:image:type\" content=\"image\/png\" \/>\n<meta name=\"twitter:card\" content=\"summary_large_image\" \/>\n<meta name=\"twitter:label1\" content=\"Gesch\u00e4tzte Lesezeit\" \/>\n\t<meta name=\"twitter:data1\" content=\"2\u00a0Minuten\" \/>\n<script type=\"application\/ld+json\" class=\"yoast-schema-graph\">{\"@context\":\"https:\\\/\\\/schema.org\",\"@graph\":[{\"@type\":\"WebPage\",\"@id\":\"https:\\\/\\\/m-s-akademie.de\\\/wordpress\\\/impressum\\\/\",\"url\":\"https:\\\/\\\/m-s-akademie.de\\\/wordpress\\\/impressum\\\/\",\"name\":\"Impressum - m-s-akademie.de\",\"isPartOf\":{\"@id\":\"https:\\\/\\\/m-s-akademie.de\\\/wordpress\\\/#website\"},\"primaryImageOfPage\":{\"@id\":\"https:\\\/\\\/m-s-akademie.de\\\/wordpress\\\/impressum\\\/#primaryimage\"},\"image\":{\"@id\":\"https:\\\/\\\/m-s-akademie.de\\\/wordpress\\\/impressum\\\/#primaryimage\"},\"thumbnailUrl\":\"https:\\\/\\\/m-s-akademie.de\\\/wordpress\\\/wp-content\\\/uploads\\\/2020\\\/02\\\/E857FF86-D8E5-47A2-ADA4-EC2AE3AA82A8-1024x191.png\",\"datePublished\":\"2020-02-05T22:00:48+00:00\",\"dateModified\":\"2022-04-13T15:50:05+00:00\",\"breadcrumb\":{\"@id\":\"https:\\\/\\\/m-s-akademie.de\\\/wordpress\\\/impressum\\\/#breadcrumb\"},\"inLanguage\":\"de\",\"potentialAction\":[{\"@type\":\"ReadAction\",\"target\":[\"https:\\\/\\\/m-s-akademie.de\\\/wordpress\\\/impressum\\\/\"]}]},{\"@type\":\"ImageObject\",\"inLanguage\":\"de\",\"@id\":\"https:\\\/\\\/m-s-akademie.de\\\/wordpress\\\/impressum\\\/#primaryimage\",\"url\":\"https:\\\/\\\/m-s-akademie.de\\\/wordpress\\\/wp-content\\\/uploads\\\/2020\\\/02\\\/E857FF86-D8E5-47A2-ADA4-EC2AE3AA82A8.png\",\"contentUrl\":\"https:\\\/\\\/m-s-akademie.de\\\/wordpress\\\/wp-content\\\/uploads\\\/2020\\\/02\\\/E857FF86-D8E5-47A2-ADA4-EC2AE3AA82A8.png\",\"width\":1600,\"height\":299},{\"@type\":\"BreadcrumbList\",\"@id\":\"https:\\\/\\\/m-s-akademie.de\\\/wordpress\\\/impressum\\\/#breadcrumb\",\"itemListElement\":[{\"@type\":\"ListItem\",\"position\":1,\"name\":\"Startseite\",\"item\":\"https:\\\/\\\/m-s-akademie.de\\\/wordpress\\\/\"},{\"@type\":\"ListItem\",\"position\":2,\"name\":\"Impressum\"}]},{\"@type\":\"WebSite\",\"@id\":\"https:\\\/\\\/m-s-akademie.de\\\/wordpress\\\/#website\",\"url\":\"https:\\\/\\\/m-s-akademie.de\\\/wordpress\\\/\",\"name\":\"m-s-akademie.de\",\"description\":\"Just another WordPress site\",\"potentialAction\":[{\"@type\":\"SearchAction\",\"target\":{\"@type\":\"EntryPoint\",\"urlTemplate\":\"https:\\\/\\\/m-s-akademie.de\\\/wordpress\\\/?s={search_term_string}\"},\"query-input\":{\"@type\":\"PropertyValueSpecification\",\"valueRequired\":true,\"valueName\":\"search_term_string\"}}],\"inLanguage\":\"de\"}]}<\/script>\n<!-- \/ Yoast SEO plugin. -->","yoast_head_json":{"title":"Impressum - m-s-akademie.de","robots":{"index":"index","follow":"follow","max-snippet":"max-snippet:-1","max-image-preview":"max-image-preview:large","max-video-preview":"max-video-preview:-1"},"canonical":"https:\/\/m-s-akademie.de\/wordpress\/impressum\/","og_locale":"de_DE","og_type":"article","og_title":"Impressum - m-s-akademie.de","og_description":"IMPRESSUM ANGABEN GEM\u00c4SS \u00a7 5 TMG Michael Steinbauer Akademie GmbH Theodor-Heuss-Stra\u00dfe 14 \u00a0 90522 Oberasbach \u00a0 VERTRETEN DURCH: Gesch\u00e4ftsf\u00fchrung: Michael Steinbauer \u00a0 KONTAKT: E-Mail: kontakt@m-s-akademie.de Tel.: +49 911 6695 0475 \u00a0 REGISTEREINTRAG: Eintragung ins Handelsregister. Registergericht: F\u00fcrth Registernummer: HRB 19333 \u00a0 UMSATZSTEUER-ID: Umsatzsteuer-Identifikationsnummer gem\u00e4\u00df \u00a727a UStG: DE 255 092 439 \u00a0 VERANTWORTLICH F\u00dcR DEN INHALT [&hellip;]","og_url":"https:\/\/m-s-akademie.de\/wordpress\/impressum\/","og_site_name":"m-s-akademie.de","article_modified_time":"2022-04-13T15:50:05+00:00","og_image":[{"width":1600,"height":299,"url":"https:\/\/m-s-akademie.de\/wordpress\/wp-content\/uploads\/2020\/02\/E857FF86-D8E5-47A2-ADA4-EC2AE3AA82A8.png","type":"image\/png"}],"twitter_card":"summary_large_image","twitter_misc":{"Gesch\u00e4tzte Lesezeit":"2\u00a0Minuten"},"schema":{"@context":"https:\/\/schema.org","@graph":[{"@type":"WebPage","@id":"https:\/\/m-s-akademie.de\/wordpress\/impressum\/","url":"https:\/\/m-s-akademie.de\/wordpress\/impressum\/","name":"Impressum - m-s-akademie.de","isPartOf":{"@id":"https:\/\/m-s-akademie.de\/wordpress\/#website"},"primaryImageOfPage":{"@id":"https:\/\/m-s-akademie.de\/wordpress\/impressum\/#primaryimage"},"image":{"@id":"https:\/\/m-s-akademie.de\/wordpress\/impressum\/#primaryimage"},"thumbnailUrl":"https:\/\/m-s-akademie.de\/wordpress\/wp-content\/uploads\/2020\/02\/E857FF86-D8E5-47A2-ADA4-EC2AE3AA82A8-1024x191.png","datePublished":"2020-02-05T22:00:48+00:00","dateModified":"2022-04-13T15:50:05+00:00","breadcrumb":{"@id":"https:\/\/m-s-akademie.de\/wordpress\/impressum\/#breadcrumb"},"inLanguage":"de","potentialAction":[{"@type":"ReadAction","target":["https:\/\/m-s-akademie.de\/wordpress\/impressum\/"]}]},{"@type":"ImageObject","inLanguage":"de","@id":"https:\/\/m-s-akademie.de\/wordpress\/impressum\/#primaryimage","url":"https:\/\/m-s-akademie.de\/wordpress\/wp-content\/uploads\/2020\/02\/E857FF86-D8E5-47A2-ADA4-EC2AE3AA82A8.png","contentUrl":"https:\/\/m-s-akademie.de\/wordpress\/wp-content\/uploads\/2020\/02\/E857FF86-D8E5-47A2-ADA4-EC2AE3AA82A8.png","width":1600,"height":299},{"@type":"BreadcrumbList","@id":"https:\/\/m-s-akademie.de\/wordpress\/impressum\/#breadcrumb","itemListElement":[{"@type":"ListItem","position":1,"name":"Startseite","item":"https:\/\/m-s-akademie.de\/wordpress\/"},{"@type":"ListItem","position":2,"name":"Impressum"}]},{"@type":"WebSite","@id":"https:\/\/m-s-akademie.de\/wordpress\/#website","url":"https:\/\/m-s-akademie.de\/wordpress\/","name":"m-s-akademie.de","description":"Just another WordPress site","potentialAction":[{"@type":"SearchAction","target":{"@type":"EntryPoint","urlTemplate":"https:\/\/m-s-akademie.de\/wordpress\/?s={search_term_string}"},"query-input":{"@type":"PropertyValueSpecification","valueRequired":true,"valueName":"search_term_string"}}],"inLanguage":"de"}]}},"_links":{"self":[{"href":"https:\/\/m-s-akademie.de\/wordpress\/wp-json\/wp\/v2\/pages\/13","targetHints":{"allow":["GET"]}}],"collection":[{"href":"https:\/\/m-s-akademie.de\/wordpress\/wp-json\/wp\/v2\/pages"}],"about":[{"href":"https:\/\/m-s-akademie.de\/wordpress\/wp-json\/wp\/v2\/types\/page"}],"author":[{"embeddable":true,"href":"https:\/\/m-s-akademie.de\/wordpress\/wp-json\/wp\/v2\/users\/1"}],"replies":[{"embeddable":true,"href":"https:\/\/m-s-akademie.de\/wordpress\/wp-json\/wp\/v2\/comments?post=13"}],"version-history":[{"count":10,"href":"https:\/\/m-s-akademie.de\/wordpress\/wp-json\/wp\/v2\/pages\/13\/revisions"}],"predecessor-version":[{"id":1826,"href":"https:\/\/m-s-akademie.de\/wordpress\/wp-json\/wp\/v2\/pages\/13\/revisions\/1826"}],"wp:attachment":[{"href":"https:\/\/m-s-akademie.de\/wordpress\/wp-json\/wp\/v2\/media?parent=13"}],"curies":[{"name":"wp","href":"https:\/\/api.w.org\/{rel}","templated":true}]}}